{"id":188,"date":"2025-09-15T14:11:54","date_gmt":"2025-09-15T14:11:54","guid":{"rendered":"https:\/\/ochurch.de\/?page_id=188"},"modified":"2025-09-15T14:15:22","modified_gmt":"2025-09-15T14:15:22","slug":"leitbild","status":"publish","type":"page","link":"https:\/\/ochurch.de\/?page_id=188","title":{"rendered":"Leitbild"},"content":{"rendered":"\n<h2 class=\"wp-block-heading\">Wir wollen, dass DU ankommst &#8211; <br>und zwar bei Gott und bei uns! <\/h2>\n\n\n\n<p>Unser Herzenswunsch ist, dass wir ein geistliches Zuhause f\u00fcr alle die werden, die uns begegnen und bislang noch keins f\u00fcr sich gefunden haben. <br>Am eigenen Platz im Leben angekommen zu sein beschreibt ein Lebensgef\u00fchl. Wenn nach einer Reise, die eigene Wohnungst\u00fcr hinter Dir ins Schloss f\u00e4llt, dann setzt (hoffentlich) dieses behagliche Gef\u00fchl von Sicherheit und Geborgenheit ein. Genau das beschreibt es, was wir erlebt haben und auch anderen geben wollen. Das Suchen hat ein Ende und Ruhe und Frieden werden Dein Leben fluten, wenn Du bei Gott angekommen bist und die Liebe Gottes f\u00fcr Dich erlebt hast. <\/p>\n\n\n\n<p>Umso sch\u00f6ner ist es, wenn Du einen Platz hast, wo Du dies mit anderen teilen kannst.<\/p>\n\n\n\n<h2 class=\"wp-block-heading\">Wir wollen, dass DU ankommst &#8211; <br>in Deiner pers\u00f6nlichen Berufung! <\/h2>\n\n\n\n<p>Einmal in diesem Sinne angekommen m\u00f6chten wir Dich zu Deinem pers\u00f6nlichen Platz im Leben begleiten. Wir wollen, dass Du dort ankommst, wo Du Dein Potential entdecken, entwickeln und aussch\u00f6pfen kannst.&nbsp;<\/p>\n\n\n\n<h2 class=\"wp-block-heading\">Wir wollen, dass DU ankommst &#8211; <br>in einem Lebensgef\u00fchl, dass Du unbedingt mit anderen teilen m\u00f6chtest! <\/h2>\n\n\n\n<p>Zusammengefasst wirst Du dabei in einem Lebensgef\u00fchl ankommen, in dem Du darauf brennst es mit anderen zu teilen. Auch das geh\u00f6rt zu dem, was wir uns von Herzen f\u00fcr Dich w\u00fcnschen.<\/p>\n\n\n\n<h2 class=\"wp-block-heading\">Wir sind nicht perfekt. <\/h2>\n\n\n\n<p>Und wir stellen auch nicht den Anspruch an uns oder andere. In unserem &#8222;unperfekten&#8220; Miteinander gibt es f\u00fcr jeden Platz, der bleiben will. Weil Gott alle bedingungslos annimmt, tun wir das auch. Niemand muss sich zuerst ver\u00e4ndern um Teil von uns werden zu k\u00f6nnen. Wir leben untereinander authentische Beziehungen. Dabei weisen wir niemandem die T\u00fcr. <\/p>\n\n\n\n<p>Wir laden Dich ein: Komm&#8216; einfach vorbei und lerne uns kennen. <\/p>\n\n\n\n<p><\/p>\n","protected":false},"excerpt":{"rendered":"<p>Wir wollen, dass DU ankommst &#8211; und zwar bei Gott und bei uns! Unser Herzenswunsch ist, dass wir ein geistliches Zuhause f\u00fcr alle die werden, die uns begegnen und bislang&hellip;<\/p>\n","protected":false},"author":1,"featured_media":0,"parent":0,"menu_order":0,"comment_status":"closed","ping_status":"closed","template":"","meta":{"footnotes":""},"class_list":["post-188","page","type-page","status-publish","hentry"],"_links":{"self":[{"href":"https:\/\/ochurch.de\/index.php?rest_route=\/wp\/v2\/pages\/188","targetHints":{"allow":["GET"]}}],"collection":[{"href":"https:\/\/ochurch.de\/index.php?rest_route=\/wp\/v2\/pages"}],"about":[{"href":"https:\/\/ochurch.de\/index.php?rest_route=\/wp\/v2\/types\/page"}],"author":[{"embeddable":true,"href":"https:\/\/ochurch.de\/index.php?rest_route=\/wp\/v2\/users\/1"}],"replies":[{"embeddable":true,"href":"https:\/\/ochurch.de\/index.php?rest_route=%2Fwp%2Fv2%2Fcomments&post=188"}],"version-history":[{"count":6,"href":"https:\/\/ochurch.de\/index.php?rest_route=\/wp\/v2\/pages\/188\/revisions"}],"predecessor-version":[{"id":195,"href":"https:\/\/ochurch.de\/index.php?rest_route=\/wp\/v2\/pages\/188\/revisions\/195"}],"wp:attachment":[{"href":"https:\/\/ochurch.de\/index.php?rest_route=%2Fwp%2Fv2%2Fmedia&parent=188"}],"curies":[{"name":"wp","href":"https:\/\/api.w.org\/{rel}","templated":true}]}}